{"id":1738,"date":"2019-07-20T00:10:26","date_gmt":"2019-07-20T00:10:26","guid":{"rendered":"https:\/\/goya.everthemes.com\/demo-decor\/?page_id=10"},"modified":"2024-10-06T14:46:35","modified_gmt":"2024-10-06T14:46:35","slug":"politica-de-privacidad","status":"publish","type":"page","link":"https:\/\/elcrochetderose.com\/?page_id=1738","title":{"rendered":"Pol\u00edtica de privacidad"},"content":{"rendered":"\n<h3 class=\"wp-block-heading\">Nota legal<\/h3>\n\n\n\n<p>El Crochet de Rose &nbsp;como responsable de esta web, se compromete a procesar la informaci\u00f3n de nuestros usuarios y clientes con plenas garant\u00edas y cumplir con los requisitos nacionales y europeos que regulan la recopilaci\u00f3n y uso de los datos personales de nuestro usuarios.<\/p>\n\n\n\n<p>Esta web, por tanto, cumple rigurosamente con La Ley Org\u00e1nica 15\/1999, de 13 de diciembre, de Protecci\u00f3n de Datos de Car\u00e1cter Personal (LOPD), y con el Real Decreto 1720\/2007, de 21 de diciembre, conocido como el Reglamento de desarrollo de la LOPD. Cumple tambi\u00e9n con el Reglamento (UE) 2016\/679 del Parlamento Europeo y del Consejo de 27 de abril de 2016 relativo a la protecci\u00f3n de las personas f\u00edsicas (RGPD), as\u00ed como con la Ley 34\/2002, de 11 de julio, de Servicios de la Sociedad de la Informaci\u00f3n y Comercio Electr\u00f3nico (LSSICE \u00f3 LSSI).<\/p>\n\n\n\n<h3 class=\"wp-block-heading\">Datos identificativos<\/h3>\n\n\n\n<p>La empresa titular de esta p\u00e1gina web es&nbsp;<strong>El Crochet de Rose (Rosa \u00c1ngela Galindo Zarco, ES49755169M)<\/strong>, con domicilio en Av. Francesc Maci\u00e0, 7, 2B 2, porta 2, 25007, Lleida (L\u00e9rida), L\u00e9rida, Espa\u00f1a. Si necesita m\u00e1s datos o el C.I.F. env\u00eda un correo electr\u00f3nico a: info@elcrochetderose.com<\/p>\n\n\n\n<p>La informaci\u00f3n contenida en www.elcrochetderose.com constituye un servicio de informaci\u00f3n de los diversos servicios que ofrece&nbsp;<strong>El Crochet de Rose (Rosa \u00c1ngela Galindo Zarco, ES49755169M)<\/strong>&nbsp;dentro del \u00e1mbito del comercio online y otros servicios relacionados con el crochet, y donde se ofrece acceso a contenidos del sector de diversa naturaleza.<\/p>\n\n\n\n<h4 class=\"wp-block-heading\">Aceptaci\u00f3n de las condiciones de uso<\/h4>\n\n\n\n<p>El acceso a la www.elcrochetderose.com exige la aceptaci\u00f3n de las condiciones de uso que en cada momento se encuentren vigentes en \u00e9sta Web.<\/p>\n\n\n\n<p><strong>Propiedad intelectual<\/strong><\/p>\n\n\n\n<p>El c\u00f3digo fuente, los dise\u00f1os gr\u00e1ficos, las im\u00e1genes, las fotograf\u00edas, las animaciones, el software, los textos, as\u00ed como la informaci\u00f3n y los contenidos que se recogen en www.elcrochetderose.com est\u00e1n protegidos por la legislaci\u00f3n espa\u00f1ola sobre los derechos de propiedad intelectual e industrial a favor de&nbsp;<strong>El Crochet de Rose (Rosa \u00c1ngela Galindo Zarco, ES49755169M)<\/strong>, y no se permite, la reproducci\u00f3n total o parcial de \u00e9sta Web, ni su tratamiento inform\u00e1tico, comunicaci\u00f3n p\u00fablica, distribuci\u00f3n, difusi\u00f3n, modificaci\u00f3n, transformaci\u00f3n o descompilaci\u00f3n, sin el permiso previo y por escrito de su titular,&nbsp;<strong>El Crochet de Rose (Rosa \u00c1ngela Galindo Zarco, ES49755169M)<\/strong>&nbsp;de conformidad con lo dispuesto en los art\u00edculos 8 y 32 p\u00e1rrafo segundo de la Ley de Propiedad Intelectual.<\/p>\n\n\n\n<p>El usuario, \u00fanica y exclusivamente podr\u00e1 utilizar el material que aparezca en \u00e9sta Web para su uso personal y privado, quedando prohibido su utilizaci\u00f3n con fines comerciales o para incurrir en actividades il\u00edcitas. Todos los derechos derivados de la propiedad intelectual est\u00e1n expresamente reservados por&nbsp;<strong>El Crochet de Rose (Rosa \u00c1ngela Galindo Zarco, ES49755169M)<\/strong>.<\/p>\n\n\n\n<p><strong>El Crochet de Rose (Rosa \u00c1ngela Galindo Zarco, ES49755169M)<\/strong>&nbsp;velar\u00e1 por el cumplimiento de las anteriores condiciones y para la debida utilizaci\u00f3n de los contenidos presentados en su portal, ejercitando todas las acciones civiles y penales que le correspondan en el caso de infracci\u00f3n o incumplimiento de \u00e9stos derechos por parte del usuario.<\/p>\n\n\n\n<p><strong>Protecci\u00f3n de datos de car\u00e1cter personal<\/strong><\/p>\n\n\n\n<p>El acceso a la p\u00e1gina Web o su uso no implica una recogida de datos personales del usuario por parte de&nbsp;<strong>El Crochet de Rose (Rosa \u00c1ngela Galindo Zarco, ES49755169M)<\/strong>. No obstante, se comunica que, en el caso de que&nbsp;<strong>El Crochet de Rose (Rosa \u00c1ngela Galindo Zarco, ES49755169M)<\/strong>&nbsp;solicite datos personales, se informar\u00e1 debidamente al usuario conforme a lo establecido en la Ley Org\u00e1nica 15\/1999, de 13 de diciembre, de Protecci\u00f3n de Datos de Car\u00e1cter Personal.<\/p>\n\n\n\n<p>Los Datos Personales que se recogen en los formularios o documentos an\u00e1logos de solicitud de informaci\u00f3n de&nbsp;<strong>El Crochet de Rose (Rosa \u00c1ngela Galindo Zarco, ES49755169M)<\/strong>&nbsp;ser\u00e1n objeto de tratamiento mixto y se incorporaran a los correspondientes ficheros, de los cuales la titularidad corresponde a&nbsp;<strong>El Crochet de Rose (Rosa \u00c1ngela Galindo Zarco, ES49755169M)<\/strong>.<\/p>\n\n\n\n<p>La recogida y tratamiento mixto de los Datos de Car\u00e1cter Personal tiene como finalidad el mantenimiento de la relaci\u00f3n contractual que en su caso se establezca con&nbsp;<strong>El Crochet de Rose (Rosa \u00c1ngela Galindo Zarco, ES49755169M)<\/strong>, as\u00ed como la gesti\u00f3n, administraci\u00f3n, informaci\u00f3n, prestaci\u00f3n y mejora de los servicios que el usuario decida contratar.<\/p>\n\n\n\n<p><strong>El Crochet de Rose (Rosa \u00c1ngela Galindo Zarco, ES49755169M)<\/strong>&nbsp;ha tomado las medidas de \u00edndole t\u00e9cnica y organizativa necesarias para garantizar la seguridad de los datos y evitar su alteraci\u00f3n, p\u00e9rdida, tratamiento o acceso no autorizado, teniendo en cuenta el estado de la tecnolog\u00eda, la naturaleza de los datos almacenados y los riesgos a que se encuentran expuestos, ya provengan de la acci\u00f3n humana o del medio f\u00edsico o natural. Se adoptaran las medidas de \u00edndole t\u00e9cnicas y organizativas que persigan alcanzar los objetivos b\u00e1sicos en materia de seguridad, como son: la confidencialidad, entendida como la limitaci\u00f3n de acceso a la informaci\u00f3n por personas no autorizadas; la integridad, entendida como el mantenimiento de la informaci\u00f3n fiable y con calidad, y la disponibilidad, entendida como la garant\u00eda de acceso al Sistema de Informaci\u00f3n por la solicitud de un usuario autorizado.<\/p>\n\n\n\n<p><strong>Cookies<\/strong><\/p>\n\n\n\n<p>\u00danicamente para los casos que se acceda a la Web www.elcrochetderose.com mediante un enlace o banner procedente de un afiliado de&nbsp;<strong>El Crochet de Rose (Rosa \u00c1ngela Galindo Zarco, ES49755169M)<\/strong> se utilizar\u00e1n cookies. Las cookies son peque\u00f1os archivos que nuestro ordenador trasmite al suyo, pero que no nos proporcionan informaci\u00f3n ni sobre su nombre, ni sobre cualquier otro dato de car\u00e1cter personal suyo, constando \u00fanicamente a efectos de funcionamiento, seguridad y estad\u00edsticas. Las cookies que utilizamos no pueden leer datos de su ordenador ni leer las cookies que existieran en su ordenador de otras p\u00e1ginas Web. Si quiere puede configurar su navegador para que le avise en pantalla que va a recibir una cookie. Si el usuario decide que su ordenador no reciba \u00e9stas cookies, esto no impedir\u00e1 que se pueda acceder a la informaci\u00f3n de la p\u00e1gina www.elcrochetderose.com<\/p>\n\n\n\n<p><strong>Registro y contrase\u00f1as de acceso<\/strong><\/p>\n\n\n\n<p><strong>El Crochet de Rose (Rosa \u00c1ngela Galindo Zarco, ES49755169M),<\/strong>&nbsp;proporciona de forma confidencial a cada uno de sus clientes un nombre de usuario y una contrase\u00f1a de acceso, la cual es \u00fanica, personal e intransferible, siendo condici\u00f3n necesaria para acceder a determinados servicios incluidos en la Web.<\/p>\n\n\n\n<p>El usuario se compromete a preservar la confidencialidad de su contrase\u00f1a, pudiendo solicitar su modificaci\u00f3n en caso de p\u00e9rdida, conocimiento por otras personas o cualquier otra circunstancia que impida o dificulte el normal funcionamiento de su acceso.<\/p>\n\n\n\n<p><strong>El Crochet de Rose (Rosa \u00c1ngela Galindo Zarco, ES49755169M),<\/strong>&nbsp;se reserva el derecho a anular discrecionalmente la contrase\u00f1a de acceso de alg\u00fan usuario cuando concurran circunstancias de las que se presuman utilizaciones il\u00edcitas.<\/p>\n\n\n\n<p>El usuario asume la plena responsabilidad y, por tanto, todas las obligaciones que se deriven del uso de los diferentes servicios y productos a los que se accede con clave de acceso o por la utilizaci\u00f3n que de ellos realicen terceras personas accediendo con la contrase\u00f1a del usuario.<\/p>\n\n\n\n<p><strong>Limitaci\u00f3n de la responsabilidad<\/strong><\/p>\n\n\n\n<p><strong>El Crochet de Rose (Rosa \u00c1ngela Galindo Zarco, ES49755169M)<\/strong> no se responsabiliza de los posibles da\u00f1os o perjuicios que puedan suceder como consecuencia del uso de los contenidos de la Web, siendo de exclusiva responsabilidad del usuario que acceda a los mismos.<\/p>\n\n\n\n<p>En el mismo sentido,&nbsp;<strong>El Crochet de Rose (Rosa \u00c1ngela Galindo Zarco, ES49755169M),<\/strong>&nbsp;no se responsabiliza de los posibles perjuicios que se puedan derivar del uso de una versi\u00f3n no actualizada o defectuosa del navegador, de interrupciones en la conexi\u00f3n que se produzcan durante la transmisi\u00f3n de datos, virus inform\u00e1ticos, aver\u00edas o desconexiones en el funcionamiento del sistema telem\u00e1tico, de bloqueos causados por deficiencias o sobrecargas de las l\u00edneas telef\u00f3nicas, as\u00ed como de da\u00f1os provocados por terceras personas mediante intromisiones no autorizadas.<\/p>\n\n\n\n<p>La Web de&nbsp;<strong>El Crochet de Rose (Rosa \u00c1ngela Galindo Zarco, ES49755169M),<\/strong>&nbsp;contiene enlaces a otras p\u00e1ginas Web que pueden resultar de inter\u00e9s para los usuarios.&nbsp;<strong>El Crochet de Rose (Rosa \u00c1ngela Galindo Zarco, ES49755169M),<\/strong>&nbsp;no asume ninguna responsabilidad sobre estos enlaces, no pudi\u00e9ndose garantizar el cumplimiento de Pol\u00edticas de Privacidad adecuadas, motivo por el cual el usuario accede al contenido de las referidas p\u00e1ginas Web en las condiciones de uso que se fijen en las mismas y bajo su exclusiva responsabilidad.<\/p>\n\n\n\n<p><strong>El Crochet de Rose (Rosa \u00c1ngela Galindo Zarco, ES49755169M)<\/strong>,&nbsp;no se hace responsable del incumplimiento de cualquier norma aplicable en que pueda incurrir el usuario en su acceso a la Web www.elcrochetderose.com y\/o en el uso de las informaciones contenidas en ella.<\/p>\n\n\n\n<p><strong>El Crochet de Rose (Rosa \u00c1ngela Galindo Zarco, ES49755169M),<\/strong>&nbsp;se reserva el derecho a interrumpir o denegar discrecionalmente, en cualquier momento y sin necesidad de previo aviso, el acceso de cualquier usuario a los contenidos de acceso restringido, cuando concurran alguna de les circunstancias descritas.<\/p>\n\n\n\n<p><strong>Enlaces<\/strong><\/p>\n\n\n\n<p>Todos los enlaces o links, hipertextual, profundo, framing o cualquier otro tipo de conexi\u00f3n virtual a trav\u00e9s de redes de telecomunicaci\u00f3n desde cualquier sitio Web a nuestra p\u00e1gina Web, deber\u00e1 ser solicitado y autorizado previamente y por escrito por&nbsp;<strong>El Crochet de Rose (Rosa \u00c1ngela Galindo Zarco, ES49755169M),<\/strong> y en su defecto los enlaces que se establezcan a esta Web, deber\u00e1n hacerse a su p\u00e1gina de inicio.<\/p>\n\n\n\n<p>Los enlaces que se realicen a p\u00e1ginas Web de terceros tienen \u00fanicamente una finalidad orientativa, siendo su objeto el poner a disposici\u00f3n del usuario otras fuentes de informaci\u00f3n que pudieran ser de su inter\u00e9s.<\/p>\n\n\n\n<p><strong>El Crochet de Rose (Rosa \u00c1ngela Galindo Zarco, ES49755169M),<\/strong>&nbsp;procura revisar peri\u00f3dicamente el contenido de sus enlaces. No obstante, es imposible conocer en todo momento el contenido concreto de los enlaces propuestos. Derivado de ello, solicitamos la colaboraci\u00f3n de cualquier usuario que acceda a los referidos contenidos en el supuesto que sus contenidos pudieren ser contrarios a la legalidad vigente, moral o orden p\u00fablico, poni\u00e9ndolo en conocimiento a trav\u00e9s del siguiente correo electr\u00f3nico info@elcrochetderose.com.<\/p>\n\n\n\n<p><strong>Responsabilidad<\/strong><\/p>\n\n\n\n<p>En definitiva, el usuario es el \u00fanico responsable del uso que realice de los servicios, contenidos, enlaces (links) e hipertextos incluidos en la Web www.elcrochetderose.com.<\/p>\n\n\n\n<h2 class=\"wp-block-heading has-text-align-center\">Pol\u00edtica de privacidad<\/h2>\n\n\n\n<h3 class=\"wp-block-heading\">1.&nbsp;&nbsp;&nbsp;&nbsp; Derecho a la informaci\u00f3n<\/h3>\n\n\n\n<p>De conformidad con lo establecido por la Ley Org\u00e1nica 15\/1999, de 13 de diciembre, de Protecci\u00f3n de Datos de Car\u00e1cter Personal (en adelante, LOPD),&nbsp;<strong>El Crochet de Rose (Rosa \u00c1ngela Galindo Zarco, ES49755169M),<\/strong> (en adelante, DIH),&nbsp;titular del sitio Web www.elcrochetderose.com&nbsp;(en adelante, el sitio Web), informa al usuario de este sitio de la existencia de un fichero automatizado de datos de car\u00e1cter personal creado por DIH y bajo su responsabilidad.<\/p>\n\n\n\n<h3 class=\"wp-block-heading\">2.&nbsp;&nbsp;&nbsp;&nbsp; Finalidad<\/h3>\n\n\n\n<p>Los datos de los usuarios registrados a trav\u00e9s de los formularios habilitados al efecto en el sitio Web son recabados y van a ser tratados e incluidos en los ficheros de ECDR con la finalidad de facilitar la prestaci\u00f3n de los servicios que ECDR proporciona a trav\u00e9s de dicho sitio Web, que no es otro que el de atender la solicitud efectuada a trav\u00e9s de la Web, enviando sus datos a la empresa propietaria del articulo seleccionado y a la empresa de mensajer\u00eda con el fin de ejecutar la compra efectuada a trav\u00e9s de la web y facilitar a sus clientes una presencia online r\u00e1pida y efectiva y ofrecerle servicios que pudieran resultar del inter\u00e9s del usuario.<\/p>\n\n\n\n<h3 class=\"wp-block-heading\">3.&nbsp;&nbsp;&nbsp;&nbsp; Car\u00e1cter obligatorio o facultativo de la informaci\u00f3n facilitada por el usuario y veracidad de los datos<\/h3>\n\n\n\n<p>Los campos marcados con un asterisco (*) en el formulario de registro a cumplimentar por el usuario son estrictamente necesarios para atender a su petici\u00f3n, siendo voluntaria la inclusi\u00f3n de datos en los campos restantes.<\/p>\n\n\n\n<p>El usuario garantiza que los datos personales facilitados a\u00a0ECDR\u00a0son veraces y se hace responsable de comunicar al mismo cualquier modificaci\u00f3n de los mismos.<\/p>\n\n\n\n<h3 class=\"wp-block-heading\">4.&nbsp;&nbsp;&nbsp;&nbsp; Consentimiento del usuario<\/h3>\n\n\n\n<p>El env\u00edo de datos personales mediante el uso de los formularios electr\u00f3nicos de\u00a0ECDR o, en su caso, de mensajes de correo electr\u00f3nico, supone el consentimiento expreso del remitente al tratamiento automatizado de los datos incluidos.<\/p>\n\n\n\n<p>De haber otorgado previamente su consentimiento expreso, utilizaremos su direcci\u00f3n de correo electr\u00f3nico para el env\u00edo de comunicaciones comerciales. Puede darse de baja de las mismas en cualquier momento.<\/p>\n\n\n\n<h3 class=\"wp-block-heading\">5.&nbsp;&nbsp;&nbsp;&nbsp; Derechos de acceso, rectificaci\u00f3n, oposici\u00f3n y cancelaci\u00f3n de los usuarios.<\/h3>\n\n\n\n<p>El usuario podr\u00e1 ejercer sus derechos de acceso, rectificaci\u00f3n, oposici\u00f3n y cancelaci\u00f3n al tratamiento de sus datos personales, en los t\u00e9rminos y condiciones previstos en la LOPD.<\/p>\n\n\n\n<h3 class=\"wp-block-heading\">6.&nbsp;&nbsp;&nbsp;&nbsp; Seguridad<\/h3>\n\n\n\n<p>DIH mantiene los niveles de seguridad de protecci\u00f3n de datos personales conforme al Real Decreto 1720\/2007, de 21&nbsp; de diciembre, relativo a las medidas de seguridad de los ficheros automatizados que contengan datos de car\u00e1cter personal, y ha establecido todos los medios t\u00e9cnicos a su alcance para evitar la p\u00e9rdida, mal uso, alteraci\u00f3n, acceso no autorizado y robo de los datos que el usuario facilite a trav\u00e9s del sitio Web, sin perjuicio de informarle de que las medidas de seguridad en Internet no son inexpugnables.<\/p>\n\n\n\n<p>DIH se compromete a cumplir con el deber de secreto y confidencialidad respecto de los datos personales contenidos en el fichero automatizado de acuerdo con la legislaci\u00f3n aplicable, as\u00ed como a conferirles un tratamiento seguro en las cesiones, que en su caso, puedan producirse.<\/p>\n\n\n\n<h3 class=\"wp-block-heading\">7.&nbsp;&nbsp;&nbsp;&nbsp; Cookies e IP\u2019s<\/h3>\n\n\n\n<p>El sitio web&nbsp;www.elcrochetderose.com&nbsp;utiliza&nbsp;<em>cookies.<\/em>&nbsp;Las&nbsp;<em>cookies&nbsp;<\/em>son peque\u00f1os archivos que se descargan en su ordenador al acceder a determinadas p\u00e1ginas web. De esta forma, la p\u00e1gina web puede, entre otras cosas, almacenar y recuperar informaci\u00f3n sobre los h\u00e1bitos de navegaci\u00f3n de un usuario o de su equipo y, dependiendo de la informaci\u00f3n que contengan y de c\u00f3mo utilice su equipo, pueden emplearse tambi\u00e9n para reconocer al usuario. Es el caso cuando de nombres de usuario y contrase\u00f1as que se guardan para acceder a determinados sitios web. De esta forma, el usuario no tiene que introducirlos en cada ocasi\u00f3n.<\/p>\n\n\n\n<p>Usted puede rechazar el tratamiento de los datos o informaci\u00f3n recogidos por las&nbsp;<em>cookies<\/em>&nbsp;en cualquier momento, mediante la configuraci\u00f3n de las opciones de su navegador de Internet. Puede permitir, bloquear o eliminar las<em>&nbsp;<\/em><em>cookies<\/em>&nbsp;instaladas en su equipo. Tenga en cuenta que rechazar el uso de&nbsp;<em>cookies<\/em>&nbsp;puede afectar a su experiencia de navegaci\u00f3n, ya que algunas funciones del sitio web pueden quedar deshabilitadas.<\/p>\n\n\n\n<h3 class=\"wp-block-heading\">8.&nbsp;&nbsp;&nbsp;&nbsp; Modificaci\u00f3n de la presente pol\u00edtica de privacidad<\/h3>\n\n\n\n<p>DIH se reserva el derecho a modificar la presente pol\u00edtica para adaptarla a futuras novedades legislativas o jurisprudenciales, as\u00ed como a pr\u00e1cticas de la industria, informando previamente a los usuarios de los cambios que en ella se produzcan.<\/p>\n","protected":false},"excerpt":{"rendered":"<p>Nota legal El Crochet de Rose &nbsp;como responsable de esta web, se compromete a procesar la informaci\u00f3n de nuestros usuarios y clientes con plenas garant\u00edas y cumplir con los requisitos nacionales y europeos que regulan la recopilaci\u00f3n y uso de los datos personales de nuestro usuarios. Esta web, por tanto, [&hellip;]<\/p>\n","protected":false},"author":1,"featured_media":0,"parent":0,"menu_order":0,"comment_status":"closed","ping_status":"closed","template":"","meta":{"footnotes":""},"class_list":["post-1738","page","type-page","status-publish","hentry"],"yoast_head":"<!-- This site is optimized with the Yoast SEO plugin v27.3 - https:\/\/yoast.com\/product\/yoast-seo-wordpress\/ -->\n<title>Pol\u00edtica de privacidad - El crochet de Rose<\/title>\n<meta name=\"description\" content=\"Descubre nuestra pol\u00edtica de privacidad y todo el tratamiento de datos que se le hace desde El Crochet de Rose a nuestros usuarios.\" \/>\n<meta name=\"robots\" content=\"index, follow, max-snippet:-1, max-image-preview:large, max-video-preview:-1\" \/>\n<link rel=\"canonical\" href=\"https:\/\/elcrochetderose.com\/?page_id=1738\" \/>\n<meta property=\"og:locale\" content=\"es_ES\" \/>\n<meta property=\"og:type\" content=\"article\" \/>\n<meta property=\"og:title\" content=\"Pol\u00edtica de privacidad - El crochet de Rose\" \/>\n<meta property=\"og:description\" content=\"Descubre nuestra pol\u00edtica de privacidad y todo el tratamiento de datos que se le hace desde El Crochet de Rose a nuestros usuarios.\" \/>\n<meta property=\"og:url\" content=\"https:\/\/elcrochetderose.com\/?page_id=1738\" \/>\n<meta property=\"og:site_name\" content=\"El crochet de Rose\" \/>\n<meta property=\"article:modified_time\" content=\"2024-10-06T14:46:35+00:00\" \/>\n<meta name=\"twitter:card\" content=\"summary_large_image\" \/>\n<meta name=\"twitter:label1\" content=\"Tiempo de lectura\" \/>\n\t<meta name=\"twitter:data1\" content=\"11 minutos\" \/>\n<script type=\"application\/ld+json\" class=\"yoast-schema-graph\">{\"@context\":\"https:\\\/\\\/schema.org\",\"@graph\":[{\"@type\":\"WebPage\",\"@id\":\"https:\\\/\\\/elcrochetderose.com\\\/?page_id=1738\",\"url\":\"https:\\\/\\\/elcrochetderose.com\\\/?page_id=1738\",\"name\":\"Pol\u00edtica de privacidad - El crochet de Rose\",\"isPartOf\":{\"@id\":\"https:\\\/\\\/elcrochetderose.com\\\/#website\"},\"datePublished\":\"2019-07-20T00:10:26+00:00\",\"dateModified\":\"2024-10-06T14:46:35+00:00\",\"description\":\"Descubre nuestra pol\u00edtica de privacidad y todo el tratamiento de datos que se le hace desde El Crochet de Rose a nuestros usuarios.\",\"breadcrumb\":{\"@id\":\"https:\\\/\\\/elcrochetderose.com\\\/?page_id=1738#breadcrumb\"},\"inLanguage\":\"es\",\"potentialAction\":[{\"@type\":\"ReadAction\",\"target\":[\"https:\\\/\\\/elcrochetderose.com\\\/?page_id=1738\"]}]},{\"@type\":\"BreadcrumbList\",\"@id\":\"https:\\\/\\\/elcrochetderose.com\\\/?page_id=1738#breadcrumb\",\"itemListElement\":[{\"@type\":\"ListItem\",\"position\":1,\"name\":\"Home\",\"item\":\"https:\\\/\\\/elcrochetderose.com\\\/\"},{\"@type\":\"ListItem\",\"position\":2,\"name\":\"Pol\u00edtica de privacidad\"}]},{\"@type\":\"WebSite\",\"@id\":\"https:\\\/\\\/elcrochetderose.com\\\/#website\",\"url\":\"https:\\\/\\\/elcrochetderose.com\\\/\",\"name\":\"El crochet de Rose\",\"description\":\"\",\"publisher\":{\"@id\":\"https:\\\/\\\/elcrochetderose.com\\\/#organization\"},\"potentialAction\":[{\"@type\":\"SearchAction\",\"target\":{\"@type\":\"EntryPoint\",\"urlTemplate\":\"https:\\\/\\\/elcrochetderose.com\\\/?s={search_term_string}\"},\"query-input\":{\"@type\":\"PropertyValueSpecification\",\"valueRequired\":true,\"valueName\":\"search_term_string\"}}],\"inLanguage\":\"es\"},{\"@type\":\"Organization\",\"@id\":\"https:\\\/\\\/elcrochetderose.com\\\/#organization\",\"name\":\"El crochet de Rose\",\"url\":\"https:\\\/\\\/elcrochetderose.com\\\/\",\"logo\":{\"@type\":\"ImageObject\",\"inLanguage\":\"es\",\"@id\":\"https:\\\/\\\/elcrochetderose.com\\\/#\\\/schema\\\/logo\\\/image\\\/\",\"url\":\"https:\\\/\\\/elcrochetderose.com\\\/wp-content\\\/uploads\\\/2024\\\/07\\\/cropped-logo-mostaza-el-crochet-de-rose.png\",\"contentUrl\":\"https:\\\/\\\/elcrochetderose.com\\\/wp-content\\\/uploads\\\/2024\\\/07\\\/cropped-logo-mostaza-el-crochet-de-rose.png\",\"width\":266,\"height\":80,\"caption\":\"El crochet de Rose\"},\"image\":{\"@id\":\"https:\\\/\\\/elcrochetderose.com\\\/#\\\/schema\\\/logo\\\/image\\\/\"}}]}<\/script>\n<!-- \/ Yoast SEO plugin. -->","yoast_head_json":{"title":"Pol\u00edtica de privacidad - El crochet de Rose","description":"Descubre nuestra pol\u00edtica de privacidad y todo el tratamiento de datos que se le hace desde El Crochet de Rose a nuestros usuarios.","robots":{"index":"index","follow":"follow","max-snippet":"max-snippet:-1","max-image-preview":"max-image-preview:large","max-video-preview":"max-video-preview:-1"},"canonical":"https:\/\/elcrochetderose.com\/?page_id=1738","og_locale":"es_ES","og_type":"article","og_title":"Pol\u00edtica de privacidad - El crochet de Rose","og_description":"Descubre nuestra pol\u00edtica de privacidad y todo el tratamiento de datos que se le hace desde El Crochet de Rose a nuestros usuarios.","og_url":"https:\/\/elcrochetderose.com\/?page_id=1738","og_site_name":"El crochet de Rose","article_modified_time":"2024-10-06T14:46:35+00:00","twitter_card":"summary_large_image","twitter_misc":{"Tiempo de lectura":"11 minutos"},"schema":{"@context":"https:\/\/schema.org","@graph":[{"@type":"WebPage","@id":"https:\/\/elcrochetderose.com\/?page_id=1738","url":"https:\/\/elcrochetderose.com\/?page_id=1738","name":"Pol\u00edtica de privacidad - El crochet de Rose","isPartOf":{"@id":"https:\/\/elcrochetderose.com\/#website"},"datePublished":"2019-07-20T00:10:26+00:00","dateModified":"2024-10-06T14:46:35+00:00","description":"Descubre nuestra pol\u00edtica de privacidad y todo el tratamiento de datos que se le hace desde El Crochet de Rose a nuestros usuarios.","breadcrumb":{"@id":"https:\/\/elcrochetderose.com\/?page_id=1738#breadcrumb"},"inLanguage":"es","potentialAction":[{"@type":"ReadAction","target":["https:\/\/elcrochetderose.com\/?page_id=1738"]}]},{"@type":"BreadcrumbList","@id":"https:\/\/elcrochetderose.com\/?page_id=1738#breadcrumb","itemListElement":[{"@type":"ListItem","position":1,"name":"Home","item":"https:\/\/elcrochetderose.com\/"},{"@type":"ListItem","position":2,"name":"Pol\u00edtica de privacidad"}]},{"@type":"WebSite","@id":"https:\/\/elcrochetderose.com\/#website","url":"https:\/\/elcrochetderose.com\/","name":"El crochet de Rose","description":"","publisher":{"@id":"https:\/\/elcrochetderose.com\/#organization"},"potentialAction":[{"@type":"SearchAction","target":{"@type":"EntryPoint","urlTemplate":"https:\/\/elcrochetderose.com\/?s={search_term_string}"},"query-input":{"@type":"PropertyValueSpecification","valueRequired":true,"valueName":"search_term_string"}}],"inLanguage":"es"},{"@type":"Organization","@id":"https:\/\/elcrochetderose.com\/#organization","name":"El crochet de Rose","url":"https:\/\/elcrochetderose.com\/","logo":{"@type":"ImageObject","inLanguage":"es","@id":"https:\/\/elcrochetderose.com\/#\/schema\/logo\/image\/","url":"https:\/\/elcrochetderose.com\/wp-content\/uploads\/2024\/07\/cropped-logo-mostaza-el-crochet-de-rose.png","contentUrl":"https:\/\/elcrochetderose.com\/wp-content\/uploads\/2024\/07\/cropped-logo-mostaza-el-crochet-de-rose.png","width":266,"height":80,"caption":"El crochet de Rose"},"image":{"@id":"https:\/\/elcrochetderose.com\/#\/schema\/logo\/image\/"}}]}},"brizy_media":[],"_links":{"self":[{"href":"https:\/\/elcrochetderose.com\/index.php?rest_route=\/wp\/v2\/pages\/1738","targetHints":{"allow":["GET"]}}],"collection":[{"href":"https:\/\/elcrochetderose.com\/index.php?rest_route=\/wp\/v2\/pages"}],"about":[{"href":"https:\/\/elcrochetderose.com\/index.php?rest_route=\/wp\/v2\/types\/page"}],"author":[{"embeddable":true,"href":"https:\/\/elcrochetderose.com\/index.php?rest_route=\/wp\/v2\/users\/1"}],"replies":[{"embeddable":true,"href":"https:\/\/elcrochetderose.com\/index.php?rest_route=%2Fwp%2Fv2%2Fcomments&post=1738"}],"version-history":[{"count":5,"href":"https:\/\/elcrochetderose.com\/index.php?rest_route=\/wp\/v2\/pages\/1738\/revisions"}],"predecessor-version":[{"id":2305,"href":"https:\/\/elcrochetderose.com\/index.php?rest_route=\/wp\/v2\/pages\/1738\/revisions\/2305"}],"wp:attachment":[{"href":"https:\/\/elcrochetderose.com\/index.php?rest_route=%2Fwp%2Fv2%2Fmedia&parent=1738"}],"curies":[{"name":"wp","href":"https:\/\/api.w.org\/{rel}","templated":true}]}}