{"id":3253,"date":"2026-01-27T10:18:56","date_gmt":"2026-01-27T09:18:56","guid":{"rendered":"https:\/\/elcrochetderose.com\/?post_type=product&#038;p=3253"},"modified":"2026-01-28T16:40:29","modified_gmt":"2026-01-28T15:40:29","slug":"taller-de-charm-de-corazon","status":"publish","type":"product","link":"https:\/\/elcrochetderose.com\/?product=taller-de-charm-de-corazon","title":{"rendered":"Taller de charm de coraz\u00f3n"},"content":{"rendered":"<h2>Taller de Amor y Amistad<\/h2>\r\n<p>Tejemos un Charm de coraz\u00f3n<\/p>\r\n<p><\/p>\r\n<ul>\r\n<li><strong>Hor\u00e1rios Taller Amor y amistad<\/strong>\r\n<ul>\r\n<li><strong>Opci\u00f3n 1 (Martes): <\/strong>3 y 10 de Febrero (2 d\u00edas, 2 horas cada d\u00eda)\r\n<ul>\r\n<li><strong>Horario:<\/strong> de 18-20h<\/li>\r\n<\/ul>\r\n<\/li>\r\n<li><strong>Opci\u00f3n 2 (S\u00e1bados): <\/strong>7 y 14 de Febrero (2 d\u00edas, 2 horas cada d\u00eda)\r\n<ul>\r\n<li><strong>Horario:<\/strong> de 17-19h<\/li>\r\n<\/ul>\r\n<\/li>\r\n<\/ul>\r\n<\/li>\r\n<\/ul>\r\n<p>\r\n\r\n\r\n\r\n<\/p>\r\n<p><strong>Precio:<\/strong> 45 euros.<\/p>\r\n<p><strong>Incluye<\/strong>: Material (Excepto ganchillo), coffe break y 4 horas de muy buen ambiente<\/p>\r\n<p><strong>Espacio:<\/strong> Estudio Francesc Maci\u00e0 7, 2B. Edificio Snipes Plaza Sant Joan, Lleida. (m\u00e1ximo 6 personas, si se inscriben m\u00e1s abrimos otro d\u00eda).<\/p>\r\n","protected":false},"excerpt":{"rendered":"<p>Tejemos un Charm de coraz\u00f3n<\/p>\n<p><!-- wp:paragraph --><\/p>\n<ul>\n<li><strong>Hor\u00e1rios Taller Amor y amistad<\/strong>\n<ul>\n<li><strong>Opci\u00f3n 1 (Martes): <\/strong>3 y 10 de Febrero (2 d\u00edas, 2 horas cada d\u00eda)\n<ul>\n<li><strong>Horario:<\/strong> de 18-20h<\/li>\n<\/ul>\n<\/li>\n<li><strong>Opci\u00f3n 2 (S\u00e1bados): <\/strong>7 y 14 de Febrero (2 d\u00edas, 2 horas cada d\u00eda)\n<ul>\n<li><strong>Horario:<\/strong> de 17-19h<\/li>\n<\/ul>\n<\/li>\n<\/ul>\n<\/li>\n<\/ul>\n<p><!-- \/wp:paragraph --><\/p>\n<p><!-- wp:paragraph --><!-- \/wp:paragraph --><\/p>\n<p><!-- wp:paragraph --><\/p>\n<p><strong>Precio:<\/strong> 45 euros.<\/p>\n<p><strong>Incluye<\/strong>: Material (Excepto ganchillo), coffe break y 4 horas de muy buen ambiente<\/p>\n<p><strong>Espacio:<\/strong> Estudio Francesc Maci\u00e0 7, 2B. Edificio Snipes Plaza Sant Joan, Lleida. (m\u00e1ximo 6 personas, si se inscriben m\u00e1s abrimos otro d\u00eda).<\/p>\n","protected":false},"featured_media":3254,"comment_status":"open","ping_status":"closed","template":"","meta":[],"product_brand":[],"product_cat":[71],"product_tag":[102,101,100,88,99],"class_list":{"0":"post-3253","1":"product","2":"type-product","3":"status-publish","4":"has-post-thumbnail","6":"product_cat-talleres-de-crochet-en-lleida","7":"product_tag-charm","8":"product_tag-corazon-crochet","9":"product_tag-ganxet-lleida","10":"product_tag-taller-de-crochet","11":"product_tag-taller-de-ganchillo","13":"first","14":"instock","15":"taxable","16":"shipping-taxable","17":"purchasable","18":"product-type-simple"},"yoast_head":"<!-- This site is optimized with the Yoast SEO plugin v27.3 - https:\/\/yoast.com\/product\/yoast-seo-wordpress\/ -->\n<title>Taller de charm de coraz\u00f3n - El crochet de Rose<\/title>\n<meta name=\"description\" content=\"Taller de ganchillo creativo: aprende a tejer este delicado coraz\u00f3n tridimensional, combinando color, textura y detalle artesanal.\" \/>\n<meta name=\"robots\" content=\"index, follow, max-snippet:-1, max-image-preview:large, max-video-preview:-1\" \/>\n<link rel=\"canonical\" href=\"https:\/\/elcrochetderose.com\/?product=taller-de-charm-de-corazon\" \/>\n<meta property=\"og:locale\" content=\"es_ES\" \/>\n<meta property=\"og:type\" content=\"article\" \/>\n<meta property=\"og:title\" content=\"Taller de charm de coraz\u00f3n - El crochet de Rose\" \/>\n<meta property=\"og:description\" content=\"Taller de ganchillo creativo: aprende a tejer este delicado coraz\u00f3n tridimensional, combinando color, textura y detalle artesanal.\" \/>\n<meta property=\"og:url\" content=\"https:\/\/elcrochetderose.com\/?product=taller-de-charm-de-corazon\" \/>\n<meta property=\"og:site_name\" content=\"El crochet de Rose\" \/>\n<meta property=\"article:modified_time\" content=\"2026-01-28T15:40:29+00:00\" \/>\n<meta property=\"og:image\" content=\"https:\/\/elcrochetderose.com\/wp-content\/uploads\/2026\/01\/CORAZON-ARMARIO_10.jpg\" \/>\n\t<meta property=\"og:image:width\" content=\"1800\" \/>\n\t<meta property=\"og:image:height\" content=\"1800\" \/>\n\t<meta property=\"og:image:type\" content=\"image\/jpeg\" \/>\n<meta name=\"twitter:card\" content=\"summary_large_image\" \/>\n<meta name=\"twitter:label1\" content=\"Tiempo de lectura\" \/>\n\t<meta name=\"twitter:data1\" content=\"1 minuto\" \/>\n<script type=\"application\/ld+json\" class=\"yoast-schema-graph\">{\"@context\":\"https:\\\/\\\/schema.org\",\"@graph\":[{\"@type\":\"WebPage\",\"@id\":\"https:\\\/\\\/elcrochetderose.com\\\/?product=taller-de-charm-de-corazon\",\"url\":\"https:\\\/\\\/elcrochetderose.com\\\/?product=taller-de-charm-de-corazon\",\"name\":\"Taller de charm de coraz\u00f3n - El crochet de Rose\",\"isPartOf\":{\"@id\":\"https:\\\/\\\/elcrochetderose.com\\\/#website\"},\"primaryImageOfPage\":{\"@id\":\"https:\\\/\\\/elcrochetderose.com\\\/?product=taller-de-charm-de-corazon#primaryimage\"},\"image\":{\"@id\":\"https:\\\/\\\/elcrochetderose.com\\\/?product=taller-de-charm-de-corazon#primaryimage\"},\"thumbnailUrl\":\"https:\\\/\\\/elcrochetderose.com\\\/wp-content\\\/uploads\\\/2026\\\/01\\\/CORAZON-ARMARIO_10.jpg\",\"datePublished\":\"2026-01-27T09:18:56+00:00\",\"dateModified\":\"2026-01-28T15:40:29+00:00\",\"description\":\"Taller de ganchillo creativo: aprende a tejer este delicado coraz\u00f3n tridimensional, combinando color, textura y detalle artesanal.\",\"breadcrumb\":{\"@id\":\"https:\\\/\\\/elcrochetderose.com\\\/?product=taller-de-charm-de-corazon#breadcrumb\"},\"inLanguage\":\"es\",\"potentialAction\":[{\"@type\":\"ReadAction\",\"target\":[\"https:\\\/\\\/elcrochetderose.com\\\/?product=taller-de-charm-de-corazon\"]}]},{\"@type\":\"ImageObject\",\"inLanguage\":\"es\",\"@id\":\"https:\\\/\\\/elcrochetderose.com\\\/?product=taller-de-charm-de-corazon#primaryimage\",\"url\":\"https:\\\/\\\/elcrochetderose.com\\\/wp-content\\\/uploads\\\/2026\\\/01\\\/CORAZON-ARMARIO_10.jpg\",\"contentUrl\":\"https:\\\/\\\/elcrochetderose.com\\\/wp-content\\\/uploads\\\/2026\\\/01\\\/CORAZON-ARMARIO_10.jpg\",\"width\":1800,\"height\":1800},{\"@type\":\"BreadcrumbList\",\"@id\":\"https:\\\/\\\/elcrochetderose.com\\\/?product=taller-de-charm-de-corazon#breadcrumb\",\"itemListElement\":[{\"@type\":\"ListItem\",\"position\":1,\"name\":\"Home\",\"item\":\"https:\\\/\\\/elcrochetderose.com\\\/\"},{\"@type\":\"ListItem\",\"position\":2,\"name\":\"Tienda de crochet\",\"item\":\"https:\\\/\\\/elcrochetderose.com\\\/?page_id=1734\"},{\"@type\":\"ListItem\",\"position\":3,\"name\":\"Taller de charm de coraz\u00f3n\"}]},{\"@type\":\"WebSite\",\"@id\":\"https:\\\/\\\/elcrochetderose.com\\\/#website\",\"url\":\"https:\\\/\\\/elcrochetderose.com\\\/\",\"name\":\"El crochet de Rose\",\"description\":\"\",\"publisher\":{\"@id\":\"https:\\\/\\\/elcrochetderose.com\\\/#organization\"},\"potentialAction\":[{\"@type\":\"SearchAction\",\"target\":{\"@type\":\"EntryPoint\",\"urlTemplate\":\"https:\\\/\\\/elcrochetderose.com\\\/?s={search_term_string}\"},\"query-input\":{\"@type\":\"PropertyValueSpecification\",\"valueRequired\":true,\"valueName\":\"search_term_string\"}}],\"inLanguage\":\"es\"},{\"@type\":\"Organization\",\"@id\":\"https:\\\/\\\/elcrochetderose.com\\\/#organization\",\"name\":\"El crochet de Rose\",\"url\":\"https:\\\/\\\/elcrochetderose.com\\\/\",\"logo\":{\"@type\":\"ImageObject\",\"inLanguage\":\"es\",\"@id\":\"https:\\\/\\\/elcrochetderose.com\\\/#\\\/schema\\\/logo\\\/image\\\/\",\"url\":\"https:\\\/\\\/elcrochetderose.com\\\/wp-content\\\/uploads\\\/2024\\\/07\\\/cropped-logo-mostaza-el-crochet-de-rose.png\",\"contentUrl\":\"https:\\\/\\\/elcrochetderose.com\\\/wp-content\\\/uploads\\\/2024\\\/07\\\/cropped-logo-mostaza-el-crochet-de-rose.png\",\"width\":266,\"height\":80,\"caption\":\"El crochet de Rose\"},\"image\":{\"@id\":\"https:\\\/\\\/elcrochetderose.com\\\/#\\\/schema\\\/logo\\\/image\\\/\"}}]}<\/script>\n<!-- \/ Yoast SEO plugin. -->","yoast_head_json":{"title":"Taller de charm de coraz\u00f3n - El crochet de Rose","description":"Taller de ganchillo creativo: aprende a tejer este delicado coraz\u00f3n tridimensional, combinando color, textura y detalle artesanal.","robots":{"index":"index","follow":"follow","max-snippet":"max-snippet:-1","max-image-preview":"max-image-preview:large","max-video-preview":"max-video-preview:-1"},"canonical":"https:\/\/elcrochetderose.com\/?product=taller-de-charm-de-corazon","og_locale":"es_ES","og_type":"article","og_title":"Taller de charm de coraz\u00f3n - El crochet de Rose","og_description":"Taller de ganchillo creativo: aprende a tejer este delicado coraz\u00f3n tridimensional, combinando color, textura y detalle artesanal.","og_url":"https:\/\/elcrochetderose.com\/?product=taller-de-charm-de-corazon","og_site_name":"El crochet de Rose","article_modified_time":"2026-01-28T15:40:29+00:00","og_image":[{"width":1800,"height":1800,"url":"https:\/\/elcrochetderose.com\/wp-content\/uploads\/2026\/01\/CORAZON-ARMARIO_10.jpg","type":"image\/jpeg"}],"twitter_card":"summary_large_image","twitter_misc":{"Tiempo de lectura":"1 minuto"},"schema":{"@context":"https:\/\/schema.org","@graph":[{"@type":"WebPage","@id":"https:\/\/elcrochetderose.com\/?product=taller-de-charm-de-corazon","url":"https:\/\/elcrochetderose.com\/?product=taller-de-charm-de-corazon","name":"Taller de charm de coraz\u00f3n - El crochet de Rose","isPartOf":{"@id":"https:\/\/elcrochetderose.com\/#website"},"primaryImageOfPage":{"@id":"https:\/\/elcrochetderose.com\/?product=taller-de-charm-de-corazon#primaryimage"},"image":{"@id":"https:\/\/elcrochetderose.com\/?product=taller-de-charm-de-corazon#primaryimage"},"thumbnailUrl":"https:\/\/elcrochetderose.com\/wp-content\/uploads\/2026\/01\/CORAZON-ARMARIO_10.jpg","datePublished":"2026-01-27T09:18:56+00:00","dateModified":"2026-01-28T15:40:29+00:00","description":"Taller de ganchillo creativo: aprende a tejer este delicado coraz\u00f3n tridimensional, combinando color, textura y detalle artesanal.","breadcrumb":{"@id":"https:\/\/elcrochetderose.com\/?product=taller-de-charm-de-corazon#breadcrumb"},"inLanguage":"es","potentialAction":[{"@type":"ReadAction","target":["https:\/\/elcrochetderose.com\/?product=taller-de-charm-de-corazon"]}]},{"@type":"ImageObject","inLanguage":"es","@id":"https:\/\/elcrochetderose.com\/?product=taller-de-charm-de-corazon#primaryimage","url":"https:\/\/elcrochetderose.com\/wp-content\/uploads\/2026\/01\/CORAZON-ARMARIO_10.jpg","contentUrl":"https:\/\/elcrochetderose.com\/wp-content\/uploads\/2026\/01\/CORAZON-ARMARIO_10.jpg","width":1800,"height":1800},{"@type":"BreadcrumbList","@id":"https:\/\/elcrochetderose.com\/?product=taller-de-charm-de-corazon#breadcrumb","itemListElement":[{"@type":"ListItem","position":1,"name":"Home","item":"https:\/\/elcrochetderose.com\/"},{"@type":"ListItem","position":2,"name":"Tienda de crochet","item":"https:\/\/elcrochetderose.com\/?page_id=1734"},{"@type":"ListItem","position":3,"name":"Taller de charm de coraz\u00f3n"}]},{"@type":"WebSite","@id":"https:\/\/elcrochetderose.com\/#website","url":"https:\/\/elcrochetderose.com\/","name":"El crochet de Rose","description":"","publisher":{"@id":"https:\/\/elcrochetderose.com\/#organization"},"potentialAction":[{"@type":"SearchAction","target":{"@type":"EntryPoint","urlTemplate":"https:\/\/elcrochetderose.com\/?s={search_term_string}"},"query-input":{"@type":"PropertyValueSpecification","valueRequired":true,"valueName":"search_term_string"}}],"inLanguage":"es"},{"@type":"Organization","@id":"https:\/\/elcrochetderose.com\/#organization","name":"El crochet de Rose","url":"https:\/\/elcrochetderose.com\/","logo":{"@type":"ImageObject","inLanguage":"es","@id":"https:\/\/elcrochetderose.com\/#\/schema\/logo\/image\/","url":"https:\/\/elcrochetderose.com\/wp-content\/uploads\/2024\/07\/cropped-logo-mostaza-el-crochet-de-rose.png","contentUrl":"https:\/\/elcrochetderose.com\/wp-content\/uploads\/2024\/07\/cropped-logo-mostaza-el-crochet-de-rose.png","width":266,"height":80,"caption":"El crochet de Rose"},"image":{"@id":"https:\/\/elcrochetderose.com\/#\/schema\/logo\/image\/"}}]}},"_links":{"self":[{"href":"https:\/\/elcrochetderose.com\/index.php?rest_route=\/wp\/v2\/product\/3253","targetHints":{"allow":["GET"]}}],"collection":[{"href":"https:\/\/elcrochetderose.com\/index.php?rest_route=\/wp\/v2\/product"}],"about":[{"href":"https:\/\/elcrochetderose.com\/index.php?rest_route=\/wp\/v2\/types\/product"}],"replies":[{"embeddable":true,"href":"https:\/\/elcrochetderose.com\/index.php?rest_route=%2Fwp%2Fv2%2Fcomments&post=3253"}],"wp:featuredmedia":[{"embeddable":true,"href":"https:\/\/elcrochetderose.com\/index.php?rest_route=\/wp\/v2\/media\/3254"}],"wp:attachment":[{"href":"https:\/\/elcrochetderose.com\/index.php?rest_route=%2Fwp%2Fv2%2Fmedia&parent=3253"}],"wp:term":[{"taxonomy":"product_brand","embeddable":true,"href":"https:\/\/elcrochetderose.com\/index.php?rest_route=%2Fwp%2Fv2%2Fproduct_brand&post=3253"},{"taxonomy":"product_cat","embeddable":true,"href":"https:\/\/elcrochetderose.com\/index.php?rest_route=%2Fwp%2Fv2%2Fproduct_cat&post=3253"},{"taxonomy":"product_tag","embeddable":true,"href":"https:\/\/elcrochetderose.com\/index.php?rest_route=%2Fwp%2Fv2%2Fproduct_tag&post=3253"}],"curies":[{"name":"wp","href":"https:\/\/api.w.org\/{rel}","templated":true}]}}