{"id":3464,"date":"2026-04-03T17:19:57","date_gmt":"2026-04-03T15:19:57","guid":{"rendered":"https:\/\/elcrochetderose.com\/?post_type=product&#038;p=3464"},"modified":"2026-04-03T18:23:42","modified_gmt":"2026-04-03T16:23:42","slug":"punto-de-libro-dragon","status":"publish","type":"product","link":"https:\/\/elcrochetderose.com\/?product=punto-de-libro-dragon","title":{"rendered":"Taller de Sant Jordi \u00abPunto de libro drag\u00f3n\u00bb"},"content":{"rendered":"<div class=\"flex max-w-full flex-col gap-4 grow\">\r\n<div class=\"min-h-8 text-message relative flex w-full flex-col items-end gap-2 text-start break-words whitespace-normal outline-none keyboard-focused:focus-ring [.text-message+&amp;]:mt-1\" dir=\"auto\" tabindex=\"0\" data-message-author-role=\"assistant\" data-message-id=\"112d38a4-860b-473f-bbe2-ec1970c46339\" data-message-model-slug=\"gpt-5-3\" data-turn-start-message=\"true\">\r\n<div class=\"flex w-full flex-col gap-1 empty:hidden\">\r\n<div class=\"markdown prose dark:prose-invert w-full wrap-break-word light markdown-new-styling\">\r\n<p data-start=\"0\" data-end=\"47\"><strong data-start=\"0\" data-end=\"47\">Taller de Crochet \u00b7 Punto de libro \u201cDrag\u00f3n\u201d<\/strong><\/p>\r\n<p data-start=\"49\" data-end=\"351\">Hay piezas que nacen para acompa\u00f1ar historias\u2026 y este delicado punto de libro en forma de drag\u00f3n es una de ellas. Dise\u00f1ado con una sensibilidad casi escult\u00f3rica, este proyecto combina ternura y car\u00e1cter en una peque\u00f1a figura que se desliza entre las p\u00e1ginas como un guardi\u00e1n silencioso de tus lecturas.<\/p>\r\n<p data-start=\"353\" data-end=\"684\">En este taller te guiar\u00e9 paso a paso en la creaci\u00f3n de este encantador drag\u00f3n tejido a crochet, donde cada volumen, textura y proporci\u00f3n ha sido cuidadosamente pensado para lograr un resultado armonioso y expresivo. Trabajaremos t\u00e9cnicas clave que te permitir\u00e1n dar forma a una pieza ligera, funcional y con un acabado profesional.<\/p>\r\n<p data-start=\"686\" data-end=\"723\"><strong data-start=\"686\" data-end=\"721\">\u00bfQu\u00e9 aprender\u00e1s en este taller?<\/strong><\/p>\r\n<ul data-start=\"724\" data-end=\"1059\">\r\n<li data-section-id=\"1yod2n2\" data-start=\"724\" data-end=\"801\">Construcci\u00f3n de amigurumi en formato alargado (adaptado a punto de libro)<\/li>\r\n<li data-section-id=\"1arvx6x\" data-start=\"802\" data-end=\"842\">Cambios de color limpios y definidos<\/li>\r\n<li data-section-id=\"jjqn12\" data-start=\"843\" data-end=\"934\">Creaci\u00f3n de vol\u00famenes peque\u00f1os con precisi\u00f3n (cabeza, extremidades y detalles faciales)<\/li>\r\n<li data-section-id=\"tb2yg8\" data-start=\"935\" data-end=\"998\">Texturas diferenciadas para aportar riqueza visual y t\u00e1ctil<\/li>\r\n<li data-section-id=\"p3221q\" data-start=\"999\" data-end=\"1059\">Ensamblaje y acabados para una pieza duradera y elegante<\/li>\r\n<\/ul>\r\n<p data-start=\"1061\" data-end=\"1095\"><strong data-start=\"1061\" data-end=\"1093\">Caracter\u00edsticas del proyecto<\/strong><\/p>\r\n<ul data-start=\"1096\" data-end=\"1342\">\r\n<li data-section-id=\"nku2go\" data-start=\"1139\" data-end=\"1197\">Nivel: intermedio (ideal si ya tienes base en crochet)\r\n<ul data-start=\"1096\" data-end=\"1342\">\r\n<li data-section-id=\"nku2go\" data-start=\"1139\" data-end=\"1197\">Si no has hecho crochet nunca, lo puedes realizar, ya que el tiempo es suficiente para realizarlo poco a poco, a tu ritmo. Aparte que te acompa\u00f1ar\u00e9 en todo momento<\/li>\r\n<\/ul>\r\n<\/li>\r\n<li data-section-id=\"sdxdfh\" data-start=\"1198\" data-end=\"1269\">Formato pr\u00e1ctico y funcional: perfecto como regalo o pieza personal<\/li>\r\n<li data-section-id=\"6uvslb\" data-start=\"1270\" data-end=\"1342\">Est\u00e9tica cuidada, con un equilibrio entre lo l\u00fadico y lo sofisticado<\/li>\r\n<\/ul>\r\n<p data-start=\"1344\" data-end=\"1591\">Este taller est\u00e1 pensado para quienes desean ir un paso m\u00e1s all\u00e1 en el mundo del amigurumi, explorando no solo la t\u00e9cnica, sino tambi\u00e9n el dise\u00f1o como lenguaje expresivo. Cada puntada construye no solo un objeto, sino una peque\u00f1a narrativa textil.<\/p>\r\n<p data-start=\"1593\" data-end=\"1679\" data-is-last-node=\"\" data-is-only-node=\"\">Una propuesta creativa que une imaginaci\u00f3n, precisi\u00f3n y belleza en un formato \u00fanico. \u2728<\/p>\r\n<p data-start=\"1439\" data-end=\"1573\"><strong data-start=\"1439\" data-end=\"1451\">Incluye:<\/strong><br data-start=\"1451\" data-end=\"1454\" \/>Acompa\u00f1amiento guiado y el patr\u00f3n para que puedas replicar la pieza tantas veces como desees.<\/p>\r\n<p data-start=\"1439\" data-end=\"1573\">Material para 1 punto de libro (Excepto ganchillos), coffee break y 6 horas de muy buen ambiente<\/p>\r\n<p data-start=\"1575\" data-end=\"1729\" data-is-last-node=\"\" data-is-only-node=\"\">Una propuesta para detener el tiempo entre puntada y puntada, y dar forma \u2014con tus propias manos\u2014 a uno de los s\u00edmbolos m\u00e1s bellos de la cultura catalana.<\/p>\r\n<\/div>\r\n<\/div>\r\n<\/div>\r\n<\/div>\r\n<div class=\"z-0 flex min-h-[46px] justify-start\">\u00a0<\/div>\r\n\r\n<p><strong>Opci\u00f3n 1<\/strong><\/p>\r\n<p><strong>D\u00edas<\/strong>: 7 y\u00a0 14 de abril 2026<\/p>\r\n<p><strong>Horario: <\/strong>17h-20h<\/p>\r\n<p><strong>Opci\u00f3n 2<\/strong><\/p>\r\n<p><strong>D\u00edas<\/strong>:\u00a0 S\u00e1bados\u00a0 11 y\u00a0 18 de abril 2026<\/p>\r\n<p><strong>Horario: <\/strong>17h-20h<\/p>\r\n<p>&nbsp;<\/p>\r\n\r\n\r\n\r\n<p><strong>Espacio:<\/strong> Estudio Francesc Maci\u00e0 7, 2B. Edificio Snipes Plaza Sant Joan, Lleida. (m\u00e1ximo 5 personas, si se inscriben m\u00e1s abrimos otro d\u00eda).<\/p>\r\n\r\n\r\n\r\n<p><strong>Precio:<\/strong> 40 euros\u00a0<\/p>\r\n","protected":false},"excerpt":{"rendered":"<div class=\"flex max-w-full flex-col gap-4 grow\">\n<div class=\"min-h-8 text-message relative flex w-full flex-col items-end gap-2 text-start break-words whitespace-normal outline-none keyboard-focused:focus-ring [.text-message+&amp;]:mt-1\" dir=\"auto\" tabindex=\"0\" data-message-author-role=\"assistant\" data-message-id=\"112d38a4-860b-473f-bbe2-ec1970c46339\" data-message-model-slug=\"gpt-5-3\" data-turn-start-message=\"true\">\n<div class=\"flex w-full flex-col gap-1 empty:hidden\">\n<div class=\"markdown prose dark:prose-invert w-full wrap-break-word light markdown-new-styling\">\n<p data-start=\"0\" data-end=\"47\"><strong data-start=\"0\" data-end=\"47\">Taller de Crochet \u00b7 Punto de libro \u201cDrag\u00f3n\u201d<\/strong><\/p>\n<p data-start=\"49\" data-end=\"351\">Hay piezas que nacen para acompa\u00f1ar historias\u2026 y este delicado punto de libro en forma de drag\u00f3n es una de ellas. Dise\u00f1ado con una sensibilidad casi escult\u00f3rica, este proyecto combina ternura y car\u00e1cter en una peque\u00f1a figura que se desliza entre las p\u00e1ginas como un guardi\u00e1n silencioso de tus lecturas.<\/p>\n<p data-start=\"353\" data-end=\"684\">En este taller te guiar\u00e9 paso a paso en la creaci\u00f3n de este encantador drag\u00f3n tejido a crochet, donde cada volumen, textura y proporci\u00f3n ha sido cuidadosamente pensado para lograr un resultado armonioso y expresivo. Trabajaremos t\u00e9cnicas clave que te permitir\u00e1n dar forma a una pieza ligera, funcional y con un acabado profesional.<\/p>\n<p data-start=\"686\" data-end=\"723\"><strong data-start=\"686\" data-end=\"721\">\u00bfQu\u00e9 aprender\u00e1s en este taller?<\/strong><\/p>\n<ul data-start=\"724\" data-end=\"1059\">\n<li data-section-id=\"1yod2n2\" data-start=\"724\" data-end=\"801\">Construcci\u00f3n de amigurumi en formato alargado (adaptado a punto de libro)<\/li>\n<li data-section-id=\"1arvx6x\" data-start=\"802\" data-end=\"842\">Cambios de color limpios y definidos<\/li>\n<li data-section-id=\"jjqn12\" data-start=\"843\" data-end=\"934\">Creaci\u00f3n de vol\u00famenes peque\u00f1os con precisi\u00f3n (cabeza, extremidades y detalles faciales)<\/li>\n<li data-section-id=\"tb2yg8\" data-start=\"935\" data-end=\"998\">Texturas diferenciadas para aportar riqueza visual y t\u00e1ctil<\/li>\n<li data-section-id=\"p3221q\" data-start=\"999\" data-end=\"1059\">Ensamblaje y acabados para una pieza duradera y elegante<\/li>\n<\/ul>\n<p data-start=\"1061\" data-end=\"1095\"><strong data-start=\"1061\" data-end=\"1093\">Caracter\u00edsticas del proyecto<\/strong><\/p>\n<ul data-start=\"1096\" data-end=\"1342\">\n<li data-section-id=\"nku2go\" data-start=\"1139\" data-end=\"1197\">Nivel: intermedio (ideal si ya tienes base en crochet)\n<ul data-start=\"1096\" data-end=\"1342\">\n<li data-section-id=\"nku2go\" data-start=\"1139\" data-end=\"1197\">Si no has hecho crochet nunca, lo puedes realizar, ya que el tiempo es suficiente para realizarlo poco a poco, a tu ritmo. Aparte que te acompa\u00f1ar\u00e9 en todo momento<\/li>\n<\/ul>\n<\/li>\n<li data-section-id=\"sdxdfh\" data-start=\"1198\" data-end=\"1269\">Formato pr\u00e1ctico y funcional: perfecto como regalo o pieza personal<\/li>\n<li data-section-id=\"6uvslb\" data-start=\"1270\" data-end=\"1342\">Est\u00e9tica cuidada, con un equilibrio entre lo l\u00fadico y lo sofisticado<\/li>\n<\/ul>\n<p data-start=\"1344\" data-end=\"1591\">Este taller est\u00e1 pensado para quienes desean ir un paso m\u00e1s all\u00e1 en el mundo del amigurumi, explorando no solo la t\u00e9cnica, sino tambi\u00e9n el dise\u00f1o como lenguaje expresivo. Cada puntada construye no solo un objeto, sino una peque\u00f1a narrativa textil.<\/p>\n<p data-start=\"1593\" data-end=\"1679\" data-is-last-node=\"\" data-is-only-node=\"\">Una propuesta creativa que une imaginaci\u00f3n, precisi\u00f3n y belleza en un formato \u00fanico. \u2728<\/p>\n<p data-start=\"1439\" data-end=\"1573\"><strong data-start=\"1439\" data-end=\"1451\">Incluye:<\/strong><br data-start=\"1451\" data-end=\"1454\" \/>Acompa\u00f1amiento guiado y el patr\u00f3n para que puedas replicar la pieza tantas veces como desees.<\/p>\n<p data-start=\"1439\" data-end=\"1573\">Material para 1 punto de libro (Excepto ganchillos), coffee break y 6 horas de muy buen ambiente<\/p>\n<p data-start=\"1575\" data-end=\"1729\" data-is-last-node=\"\" data-is-only-node=\"\">Una propuesta para detener el tiempo entre puntada y puntada, y dar forma \u2014con tus propias manos\u2014 a uno de los s\u00edmbolos m\u00e1s bellos de la cultura catalana.<\/p>\n<\/div>\n<\/div>\n<\/div>\n<\/div>\n<div class=\"z-0 flex min-h-[46px] justify-start\">\u00a0<\/div>\n<p><!-- wp:paragraph --><\/p>\n<p><strong>Opci\u00f3n 1<\/strong><\/p>\n<p><strong>D\u00edas<\/strong>: 7 y\u00a0 14 de abril 2026<\/p>\n<p><strong>Horario: <\/strong>17h-20h<\/p>\n<p><strong>Opci\u00f3n 2<\/strong><\/p>\n<p><strong>D\u00edas<\/strong>:\u00a0 S\u00e1bados\u00a0 11 y\u00a0 18 de abril 2026<\/p>\n<p><strong>Horario: <\/strong>17h-20h<\/p>\n<p>&nbsp;<\/p>\n<p><!-- \/wp:paragraph --><\/p>\n<p><!-- wp:paragraph --><\/p>\n<p><strong>Espacio:<\/strong> Estudio Francesc Maci\u00e0 7, 2B. Edificio Snipes Plaza Sant Joan, Lleida. (m\u00e1ximo 5 personas, si se inscriben m\u00e1s abrimos otro d\u00eda).<\/p>\n<p><!-- \/wp:paragraph --><\/p>\n<p><!-- wp:paragraph --><\/p>\n<p><strong>Precio:<\/strong> 40 euros\u00a0<\/p>\n","protected":false},"featured_media":3468,"comment_status":"open","ping_status":"closed","template":"","meta":[],"product_brand":[74],"product_cat":[71],"product_tag":[106,107,75,117,118,116,76,108,115,113,114],"class_list":{"0":"post-3464","1":"product","2":"type-product","3":"status-publish","4":"has-post-thumbnail","6":"product_brand-casasol","7":"product_cat-talleres-de-crochet-en-lleida","8":"product_tag-amigurumi","9":"product_tag-amigurumis","10":"product_tag-crochet","11":"product_tag-drac-crochet","12":"product_tag-drac-ganxet","13":"product_tag-dragon-crochet","14":"product_tag-ganchillo","15":"product_tag-ganxet","16":"product_tag-rosa-sant-jordi","17":"product_tag-sant-jordi","18":"product_tag-taller-crochet-sant-jordi","20":"first","21":"instock","22":"taxable","23":"shipping-taxable","24":"purchasable","25":"product-type-simple"},"yoast_head":"<!-- This site is optimized with the Yoast SEO plugin v27.3 - https:\/\/yoast.com\/product\/yoast-seo-wordpress\/ -->\n<title>Taller de Sant Jordi &quot;Punto de libro drag\u00f3n&quot; - El crochet de Rose<\/title>\n<meta name=\"description\" content=\"Descubre el taller de crochet para crear un original punto de libro en forma de drag\u00f3n. Un dise\u00f1o delicado y funcional, amigurumi \u00fanicos\" \/>\n<meta name=\"robots\" content=\"index, follow, max-snippet:-1, max-image-preview:large, max-video-preview:-1\" \/>\n<link rel=\"canonical\" href=\"https:\/\/elcrochetderose.com\/?product=punto-de-libro-dragon\" \/>\n<meta property=\"og:locale\" content=\"es_ES\" \/>\n<meta property=\"og:type\" content=\"article\" \/>\n<meta property=\"og:title\" content=\"Taller de Sant Jordi &quot;Punto de libro drag\u00f3n&quot; - El crochet de Rose\" \/>\n<meta property=\"og:description\" content=\"Descubre el taller de crochet para crear un original punto de libro en forma de drag\u00f3n. Un dise\u00f1o delicado y funcional, amigurumi \u00fanicos\" \/>\n<meta property=\"og:url\" content=\"https:\/\/elcrochetderose.com\/?product=punto-de-libro-dragon\" \/>\n<meta property=\"og:site_name\" content=\"El crochet de Rose\" \/>\n<meta property=\"article:modified_time\" content=\"2026-04-03T16:23:42+00:00\" \/>\n<meta property=\"og:image\" content=\"https:\/\/elcrochetderose.com\/wp-content\/uploads\/2026\/04\/DRAC-PUNTO-DE-LIBRO_04.jpg\" \/>\n\t<meta property=\"og:image:width\" content=\"600\" \/>\n\t<meta property=\"og:image:height\" content=\"600\" \/>\n\t<meta property=\"og:image:type\" content=\"image\/jpeg\" \/>\n<meta name=\"twitter:card\" content=\"summary_large_image\" \/>\n<meta name=\"twitter:label1\" content=\"Tiempo de lectura\" \/>\n\t<meta name=\"twitter:data1\" content=\"2 minutos\" \/>\n<script type=\"application\/ld+json\" class=\"yoast-schema-graph\">{\"@context\":\"https:\\\/\\\/schema.org\",\"@graph\":[{\"@type\":\"WebPage\",\"@id\":\"https:\\\/\\\/elcrochetderose.com\\\/?product=punto-de-libro-dragon\",\"url\":\"https:\\\/\\\/elcrochetderose.com\\\/?product=punto-de-libro-dragon\",\"name\":\"Taller de Sant Jordi \\\"Punto de libro drag\u00f3n\\\" - El crochet de Rose\",\"isPartOf\":{\"@id\":\"https:\\\/\\\/elcrochetderose.com\\\/#website\"},\"primaryImageOfPage\":{\"@id\":\"https:\\\/\\\/elcrochetderose.com\\\/?product=punto-de-libro-dragon#primaryimage\"},\"image\":{\"@id\":\"https:\\\/\\\/elcrochetderose.com\\\/?product=punto-de-libro-dragon#primaryimage\"},\"thumbnailUrl\":\"https:\\\/\\\/elcrochetderose.com\\\/wp-content\\\/uploads\\\/2026\\\/04\\\/DRAC-PUNTO-DE-LIBRO_04.jpg\",\"datePublished\":\"2026-04-03T15:19:57+00:00\",\"dateModified\":\"2026-04-03T16:23:42+00:00\",\"description\":\"Descubre el taller de crochet para crear un original punto de libro en forma de drag\u00f3n. Un dise\u00f1o delicado y funcional, amigurumi \u00fanicos\",\"breadcrumb\":{\"@id\":\"https:\\\/\\\/elcrochetderose.com\\\/?product=punto-de-libro-dragon#breadcrumb\"},\"inLanguage\":\"es\",\"potentialAction\":[{\"@type\":\"ReadAction\",\"target\":[\"https:\\\/\\\/elcrochetderose.com\\\/?product=punto-de-libro-dragon\"]}]},{\"@type\":\"ImageObject\",\"inLanguage\":\"es\",\"@id\":\"https:\\\/\\\/elcrochetderose.com\\\/?product=punto-de-libro-dragon#primaryimage\",\"url\":\"https:\\\/\\\/elcrochetderose.com\\\/wp-content\\\/uploads\\\/2026\\\/04\\\/DRAC-PUNTO-DE-LIBRO_04.jpg\",\"contentUrl\":\"https:\\\/\\\/elcrochetderose.com\\\/wp-content\\\/uploads\\\/2026\\\/04\\\/DRAC-PUNTO-DE-LIBRO_04.jpg\",\"width\":600,\"height\":600},{\"@type\":\"BreadcrumbList\",\"@id\":\"https:\\\/\\\/elcrochetderose.com\\\/?product=punto-de-libro-dragon#breadcrumb\",\"itemListElement\":[{\"@type\":\"ListItem\",\"position\":1,\"name\":\"Home\",\"item\":\"https:\\\/\\\/elcrochetderose.com\\\/\"},{\"@type\":\"ListItem\",\"position\":2,\"name\":\"Tienda de crochet\",\"item\":\"https:\\\/\\\/elcrochetderose.com\\\/?page_id=1734\"},{\"@type\":\"ListItem\",\"position\":3,\"name\":\"Taller de Sant Jordi \u00abPunto de libro drag\u00f3n\u00bb\"}]},{\"@type\":\"WebSite\",\"@id\":\"https:\\\/\\\/elcrochetderose.com\\\/#website\",\"url\":\"https:\\\/\\\/elcrochetderose.com\\\/\",\"name\":\"El crochet de Rose\",\"description\":\"\",\"publisher\":{\"@id\":\"https:\\\/\\\/elcrochetderose.com\\\/#organization\"},\"potentialAction\":[{\"@type\":\"SearchAction\",\"target\":{\"@type\":\"EntryPoint\",\"urlTemplate\":\"https:\\\/\\\/elcrochetderose.com\\\/?s={search_term_string}\"},\"query-input\":{\"@type\":\"PropertyValueSpecification\",\"valueRequired\":true,\"valueName\":\"search_term_string\"}}],\"inLanguage\":\"es\"},{\"@type\":\"Organization\",\"@id\":\"https:\\\/\\\/elcrochetderose.com\\\/#organization\",\"name\":\"El crochet de Rose\",\"url\":\"https:\\\/\\\/elcrochetderose.com\\\/\",\"logo\":{\"@type\":\"ImageObject\",\"inLanguage\":\"es\",\"@id\":\"https:\\\/\\\/elcrochetderose.com\\\/#\\\/schema\\\/logo\\\/image\\\/\",\"url\":\"https:\\\/\\\/elcrochetderose.com\\\/wp-content\\\/uploads\\\/2024\\\/07\\\/cropped-logo-mostaza-el-crochet-de-rose.png\",\"contentUrl\":\"https:\\\/\\\/elcrochetderose.com\\\/wp-content\\\/uploads\\\/2024\\\/07\\\/cropped-logo-mostaza-el-crochet-de-rose.png\",\"width\":266,\"height\":80,\"caption\":\"El crochet de Rose\"},\"image\":{\"@id\":\"https:\\\/\\\/elcrochetderose.com\\\/#\\\/schema\\\/logo\\\/image\\\/\"}}]}<\/script>\n<!-- \/ Yoast SEO plugin. -->","yoast_head_json":{"title":"Taller de Sant Jordi \"Punto de libro drag\u00f3n\" - El crochet de Rose","description":"Descubre el taller de crochet para crear un original punto de libro en forma de drag\u00f3n. Un dise\u00f1o delicado y funcional, amigurumi \u00fanicos","robots":{"index":"index","follow":"follow","max-snippet":"max-snippet:-1","max-image-preview":"max-image-preview:large","max-video-preview":"max-video-preview:-1"},"canonical":"https:\/\/elcrochetderose.com\/?product=punto-de-libro-dragon","og_locale":"es_ES","og_type":"article","og_title":"Taller de Sant Jordi \"Punto de libro drag\u00f3n\" - El crochet de Rose","og_description":"Descubre el taller de crochet para crear un original punto de libro en forma de drag\u00f3n. Un dise\u00f1o delicado y funcional, amigurumi \u00fanicos","og_url":"https:\/\/elcrochetderose.com\/?product=punto-de-libro-dragon","og_site_name":"El crochet de Rose","article_modified_time":"2026-04-03T16:23:42+00:00","og_image":[{"width":600,"height":600,"url":"https:\/\/elcrochetderose.com\/wp-content\/uploads\/2026\/04\/DRAC-PUNTO-DE-LIBRO_04.jpg","type":"image\/jpeg"}],"twitter_card":"summary_large_image","twitter_misc":{"Tiempo de lectura":"2 minutos"},"schema":{"@context":"https:\/\/schema.org","@graph":[{"@type":"WebPage","@id":"https:\/\/elcrochetderose.com\/?product=punto-de-libro-dragon","url":"https:\/\/elcrochetderose.com\/?product=punto-de-libro-dragon","name":"Taller de Sant Jordi \"Punto de libro drag\u00f3n\" - El crochet de Rose","isPartOf":{"@id":"https:\/\/elcrochetderose.com\/#website"},"primaryImageOfPage":{"@id":"https:\/\/elcrochetderose.com\/?product=punto-de-libro-dragon#primaryimage"},"image":{"@id":"https:\/\/elcrochetderose.com\/?product=punto-de-libro-dragon#primaryimage"},"thumbnailUrl":"https:\/\/elcrochetderose.com\/wp-content\/uploads\/2026\/04\/DRAC-PUNTO-DE-LIBRO_04.jpg","datePublished":"2026-04-03T15:19:57+00:00","dateModified":"2026-04-03T16:23:42+00:00","description":"Descubre el taller de crochet para crear un original punto de libro en forma de drag\u00f3n. Un dise\u00f1o delicado y funcional, amigurumi \u00fanicos","breadcrumb":{"@id":"https:\/\/elcrochetderose.com\/?product=punto-de-libro-dragon#breadcrumb"},"inLanguage":"es","potentialAction":[{"@type":"ReadAction","target":["https:\/\/elcrochetderose.com\/?product=punto-de-libro-dragon"]}]},{"@type":"ImageObject","inLanguage":"es","@id":"https:\/\/elcrochetderose.com\/?product=punto-de-libro-dragon#primaryimage","url":"https:\/\/elcrochetderose.com\/wp-content\/uploads\/2026\/04\/DRAC-PUNTO-DE-LIBRO_04.jpg","contentUrl":"https:\/\/elcrochetderose.com\/wp-content\/uploads\/2026\/04\/DRAC-PUNTO-DE-LIBRO_04.jpg","width":600,"height":600},{"@type":"BreadcrumbList","@id":"https:\/\/elcrochetderose.com\/?product=punto-de-libro-dragon#breadcrumb","itemListElement":[{"@type":"ListItem","position":1,"name":"Home","item":"https:\/\/elcrochetderose.com\/"},{"@type":"ListItem","position":2,"name":"Tienda de crochet","item":"https:\/\/elcrochetderose.com\/?page_id=1734"},{"@type":"ListItem","position":3,"name":"Taller de Sant Jordi \u00abPunto de libro drag\u00f3n\u00bb"}]},{"@type":"WebSite","@id":"https:\/\/elcrochetderose.com\/#website","url":"https:\/\/elcrochetderose.com\/","name":"El crochet de Rose","description":"","publisher":{"@id":"https:\/\/elcrochetderose.com\/#organization"},"potentialAction":[{"@type":"SearchAction","target":{"@type":"EntryPoint","urlTemplate":"https:\/\/elcrochetderose.com\/?s={search_term_string}"},"query-input":{"@type":"PropertyValueSpecification","valueRequired":true,"valueName":"search_term_string"}}],"inLanguage":"es"},{"@type":"Organization","@id":"https:\/\/elcrochetderose.com\/#organization","name":"El crochet de Rose","url":"https:\/\/elcrochetderose.com\/","logo":{"@type":"ImageObject","inLanguage":"es","@id":"https:\/\/elcrochetderose.com\/#\/schema\/logo\/image\/","url":"https:\/\/elcrochetderose.com\/wp-content\/uploads\/2024\/07\/cropped-logo-mostaza-el-crochet-de-rose.png","contentUrl":"https:\/\/elcrochetderose.com\/wp-content\/uploads\/2024\/07\/cropped-logo-mostaza-el-crochet-de-rose.png","width":266,"height":80,"caption":"El crochet de Rose"},"image":{"@id":"https:\/\/elcrochetderose.com\/#\/schema\/logo\/image\/"}}]}},"_links":{"self":[{"href":"https:\/\/elcrochetderose.com\/index.php?rest_route=\/wp\/v2\/product\/3464","targetHints":{"allow":["GET"]}}],"collection":[{"href":"https:\/\/elcrochetderose.com\/index.php?rest_route=\/wp\/v2\/product"}],"about":[{"href":"https:\/\/elcrochetderose.com\/index.php?rest_route=\/wp\/v2\/types\/product"}],"replies":[{"embeddable":true,"href":"https:\/\/elcrochetderose.com\/index.php?rest_route=%2Fwp%2Fv2%2Fcomments&post=3464"}],"wp:featuredmedia":[{"embeddable":true,"href":"https:\/\/elcrochetderose.com\/index.php?rest_route=\/wp\/v2\/media\/3468"}],"wp:attachment":[{"href":"https:\/\/elcrochetderose.com\/index.php?rest_route=%2Fwp%2Fv2%2Fmedia&parent=3464"}],"wp:term":[{"taxonomy":"product_brand","embeddable":true,"href":"https:\/\/elcrochetderose.com\/index.php?rest_route=%2Fwp%2Fv2%2Fproduct_brand&post=3464"},{"taxonomy":"product_cat","embeddable":true,"href":"https:\/\/elcrochetderose.com\/index.php?rest_route=%2Fwp%2Fv2%2Fproduct_cat&post=3464"},{"taxonomy":"product_tag","embeddable":true,"href":"https:\/\/elcrochetderose.com\/index.php?rest_route=%2Fwp%2Fv2%2Fproduct_tag&post=3464"}],"curies":[{"name":"wp","href":"https:\/\/api.w.org\/{rel}","templated":true}]}}